m(l). Calculate h(-4).
-118
Suppose -14*h + 18*h = -40. Let r be h - (4 + -3)*-1 - 0. Let c be 6/r + (400/(-12))/(-5). Let i(p) = p**2 - 6*p + 9. Give i(c).
9
Suppose 2*g + h = -313 + 311, -24 = -4*h. Let a(t) = -3*t**2 - 8*t + 1. Determine a(g).
-15
Let z = 2 + 0. Let a(t) = 484*t + 7. Let i(w) = 1575*w + 22. Let f(k) = -13*a(k) + 4*i(k). What is f(z)?
13
Let z(v) = 20*v - 17. Let w be z(-5). Let i = w + 108. Let h(d) = -d**3 - 8*d**2 + 9*d + 4. Determine h(i).
4
Suppose 0 = -118*r + 139*r + 126. Let l(q) be the first derivative of 3*q**2/2 + 2*q + 8. What is l(r)?
-16
Let l(w) be the first derivative of -w**7/840 - w**6/90 + w**5/40 + w**4/12 - 2*w**3/3 + 24*w - 3. Let u(k) be the third derivative of l(k). What is u(-3)?
-16
Let o(n) = -371*n**3 - 9 + 131*n**3 + 241*n**3 - 5*n**2 + 4*n. What is o(6)?
51
Let i(d) be the second derivative of 8*d + 1 + 1/6*d**3 + 0*d**2. Calculate i(0).
0
Let r(d) = 7*d**2 - 2*d. Suppose 5*c - 27 = v, -3*v + 3*c = -0*v + 9. What is r(v)?
57
Let p(t) = -1770*t + 865*t + 897*t. Let d(z) = z. Let v be d(-2). Give p(v).
16
Suppose 5*n = y - 84, 2*n - 5*n = -5*y + 46. Let x = -17 - n. Let d = x - 0. Let v(s) = -s**3 - s**2 + s - 1. Calculate v(d).
-1
Let l(s) = -s - 26. Let c(r) = -1. Let v(x) = 2*c(x) + l(x). Let d be v(7). Let p be (-2)/((-7)/(d/(-2))). Let y(b) = -b + 4. Give y(p).
-1
Let i(f) = -f**3 - 3*f**2. Let t be i(-3). Suppose t = -4*h + 2*j - 238, 0 = -h + 7*j - 3*j - 77. Let s = 52 + h. Let z(l) = -l**2 - 4*l + 1. Give z(s).
-4
Let r = -20 + 17. Let z be ((-36)/30)/(r/(-120)*-3). Let p(s) = 10*s - 6 - z*s - s**2 + 13*s. Determine p(6).
0
Let z(k) = k**2 + 6*k - 4. Let s be z(-6). Let c(i) be the third derivative of -i**5/60 - i**4/3 - 5*i**3/6 - 3584*i**2. Calculate c(s).
11
Let r(v) = v**2 - 6*v + 1. Suppose -3*x = q + q - 10, 0 = 5*x - 10. Let h = -336 - -411. Let i be (1 - q)/((-15)/h). Calculate r(i).
-4
Let t(q) = 26*q + 162. Let k be t(-6). Let b(s) = -51*s - 54*s + 40 + 100*s. Let p be b(k). Let x(d) = -d**3 + 10*d**2 + d - 12. Calculate x(p).
-2
Let d(c) = -13*c + 2. Let z(l) be the first derivative of l**2/2 - 30. Let n(b) = d(b) + 6*z(b). Calculate n(1).
-5
Let v = 16 + 67. Let f(a) = 27 + 26 - v + 9*a + 29. Suppose x - 1 = 4*g, 3*g + 3 + 19 = 5*x. What is f(g)?
8
Let p(z) = -1 + 0 + 8 - z. Let m = 2118 + -2118. Give p(m).
7
Suppose 5*b - 4*a - 46 = 0, 0 = 11*b - 16*b - 3*a + 18. Let s(v) = v**3 - 7*v**2 + 12*v - 9. Determine s(b).
27
Let l be 3/(15/10) - -2. Let b(n) = -7*n + l - 9*n + 7*n. Give b(3).
-23
Let h(u) = -2*u**2 + u - 6. Let c(y) = y**2 - y + 4. Let w(t) = -3*c(t) - 2*h(t). Let d(m) = -10*m + 47. Let q be d(5). Calculate w(q).
6
Let l(o) = -3*o**3 + 12*o**2 + 5*o - 31. Let p be -27*12/(-4212) + 114/39. Give l(p).
11
Suppose -5*i + 6*q = 18, 4*i - 2*q + 0*q = -20. Let g(m) = -5*m + 4 - 2 + m**3 + 5*m**2 + 0. What is g(i)?
-4
Let k = -2 - 4. Let x(l) = -l**3 - 11*l**2 - 4*l + 6. Let h be 31/(-186) - (-10)/(-12). Let y(a) = -a**2 - a + 1. Let i(r) = h*x(r) + 5*y(r). Calculate i(k).
5
Suppose -11 = -z + 7*c + 13, -4 = 2*z - c. Let w(q) = 2*q - 11. Calculate w(z).
-19
Let w(y) be the second derivative of -12 + 4*y + 0*y**2 + 1/12*y**4 - 1/6*y**3. Calculate w(-1).
2
Let g(x) = 154*x**2 + 41*x - 480. Let k(p) = 88*p**2 + 23*p - 270. Let m(o) = -9*g(o) + 16*k(o). Suppose -6*t = -3*t - 3. What is m(t)?
21
Suppose 44 - 58 = 2*r - 4*j, -3*r - 21 = -3*j. Let t(z) = -17*z - 123. Give t(r).
-4
Let p(s) = s**2 + 9*s - 5. Let t be p(-7). Let h = 21 + t. Let c(y) = -5 - y + 0*y + h*y + 3. Calculate c(-7).
-9
Let u(s) = s**2 + 508*s + 2029. Let j be u(-4). Let x(f) = f**2 - 19*f - 41. What is x(j)?
-119
Let f be -12*(-3)/36*-4. Let h(u) be the second derivative of -u**3/6 - 2*u**2 + 22*u. Determine h(f).
0
Let s = 133 + -101. Suppose a = 5*a + s. Let h(k) = k**2 - 1. Let b(y) = -4*y**2 + 9*y + 10. Let t(x) = b(x) + 5*h(x). Give t(a).
-3
Let b(g) = -g**2 - 8. Let u = -101 + 107. Calculate b(u).
-44
Let c(s) = -s**2 + 9*s + 18. Let t be c(11). Let o(b) be the third derivative of 0 + 2/3*b**3 - 5/24*b**4 - 1/60*b**5 - 17*b**2 + 0*b. Determine o(t).
8
Let l(y) be the second derivative of y**5/20 + 3*y**4/4 + 5*y**3/6 - 27*y**2/2 - 795*y. What is l(-8)?
-3
Let t(f) = 2*f**3 - 3*f - f**3 + 5*f**2 - f**2 - 6. Let l = 1200 + -1196. Let c be ((-8)/7)/(l/14). Determine t(c).
6
Let x(f) = -8 + 188*f - 187*f + 12*f**2 + 4 - 4*f**2. Calculate x(-2).
26
Let q(t) be the second derivative of -t**3 + 4*t**2 + t - 15. Let w(y) = -17*y + 23. Let a(j) = -11*q(j) + 4*w(j). Calculate a(3).
-2
Suppose 2*k - k = 5. Suppose 0 = -3*t - t - 5*u + 5, -3*t + k = 5*u. Suppose t = -3*x + g + 13, 4*x - 2*x - 2 = -g. Let p(c) = -c**3 + 2*c**2 - 2. Give p(x).
-11
Let p(j) be the first derivative of -j**4/4 + 3*j**3 - 7*j**2 + 7*j - 1730. Calculate p(6).
31
Let i = -213 + 214. Suppose 2*s - i = k + s, 3*s = k - 9. Let q(l) = 2*l + 5. What is q(k)?
-7
Suppose 0 = -0*s + 4*s + 16. Let q = 179 - 175. Let r(z) = -6*z + 11*z - 4*z - q. Determine r(s).
-8
Let t(k) be the third derivative of -13*k**4/24 + 3*k**3 + 36*k**2 + 26*k. What is t(0)?
18
Suppose -24*s + 12*s + 36 = 0. Let d(c) = s*c + 2 + 1 - c**2 - 2*c - 6. Determine d(0).
-3
Suppose 7*i - 11*i = 80. Let r = 25 + i. Let k(n) = -57*n + 109*n + 0 + r - 60*n - n**2. What is k(-7)?
12
Let q(v) = 2*v**2 - 21*v + 19. Suppose 0 = -23*f + 28*f - 2*z - 42, 4*f - 5*z - 20 = 0. Calculate q(f).
9
Let x(b) = -32*b + 15*b**2 - 16 - 16*b**2 - 43*b - b**2 - 23. Calculate x(-37).
-2
Suppose 2*n - 38 = 165*o - 160*o, -n + 10 = -o. Let f(c) = -19*c - 25. Calculate f(o).
89
Let x(c) be the second derivative of -1/6*c**4 + 2*c - 1/2*c**2 + 0 - 1/2*c**3. Suppose 759*t - 730*t = -58. Give x(t).
-3
Let t = 118 + -116. Let b(h) = -8*h**2 + 4*h + h + t*h**2 - 5 + 5*h**2. Suppose 4 + 1 = p. What is b(p)?
-5
Let o = -197 - -357. Let t = -153 + o. Let a(w) = w**3 - 9*w**2 + 11*w - 10. What is a(t)?
-31
Let w(a) = -9281*a + 27857*a + 8 - 9284*a - 9283*a + a**2. Let t(j) be the first derivative of -j**3/3 - 5*j**2 - 7*j + 4. Let r be t(-10). Give w(r).
-6
Let q(b) be the third derivative of 5*b**4/12 - 5*b**3/3 + 10948*b**2. Calculate q(-3).
-40
Let d be (38 - 32)*(-20)/6. Let i(q) = 3*q**3 + 61*q**2 + 16*q - 69. Let o be i(d). Let w(f) = -f + 4. Give w(o).
-7
Let w be (-274)/2877 - (1 - 1726/42). Let k(c) = c**2 - 35*c - 215. Give k(w).
-15
Let s = 7528 + -7521. Let x(i) = 2*i**2 - 10*i + 4. Calculate x(s).
32
Let u(o) be the second derivative of -4*o**2 + 2*o - 1/6*o**4 - 5/3*o**3 + 0. Suppose -2*l = 5*w - 23, -72*l - 31 = -75*l - 7*w. Determine u(l).
-20
Suppose y = -11 + 2. Let t(l) = l**2 + l. Let f(r) = r**3 + 14*r**2 - 2*r + 3. Let i(b) = f(b) - 6*t(b). Calculate i(y).
-6
Let v(r) be the third derivative of -r**6/120 - r**5/15 + 5*r**4/24 + r**3/3 - 7*r**2 + 4*r - 8. Suppose -5*o - 12 = 13. Calculate v(o).
2
Let p(m) be the first derivative of 17*m + 71 + 1/2*m**2. Calculate p(-5).
12
Let b(k) = -3*k + 57. Let t be b(19). Let v(h) = 2*h**2 + 11*h - h**2 - 6 + t*h**2 + 1. Give v(-12).
7
Let p(q) be the second derivative of 2*q**2 + 6*q - 1/6*q**4 - 2 + 1/3*q**3. Calculate p(3).
-8
Let u be 6 + -12*((-143)/44 + 4). Let k(o) = 26*o + 3. Calculate k(u).
-75
Suppose -3 = 19*u - 20*u. Suppose 2*t - 1 = 2*h + 27, 0 = u*h. Let i(n) = 2*n - 22. What is i(t)?
6
Let r(s) = -s**3 - 13*s**2 + 16*s + 32. Let l be 14/(-3)*1/2*(708 - 702). Calculate r(l).
4
Let w(g) = g**3 + 4*g**2 - 3*g. Let k(j) = -j**3 + j**2 - j. Let b(c) = -3*k(c) + w(c). Let y be -13 + (-558)/(-45) + 20/(-50). Determine b(y).
-3
Suppose 7 = 3*n - 0*l + l, 5 = n - l. Let t(o) = -o + 1 - 4*o + o + n*o. Let y(b) = -1. Let k(c) = -t(c) - y(c). What is k(-5)?
-5
Suppose 7*v = 8*v - 3. Suppose -4*u + j - 8 = 0, -v*u - u = -3*j. Let w(o) = -10*o**2 + 30*o**2 - 1 - 12*o**2 - 9*o**2. What is w(u)?
-10
Suppose -5*v - 27 = -97. Suppose 0 = 7*u - 0 - v. Let m(t) = -6 + 5 + 3 + 4*t - t**u + 1. What is m(4)?
3
Let f(r) = 3*r**3 - r**2 + r. Let g = 11102 + -11099. Give f(g).
75
Suppose -6*w + 4*f = -5*w + 3, 0 = -f + 2. Suppose -14*q = -19*q + w. Let o(l) = 2*l**3 + 2*l**2 - l. What is o(q)?
3
Let n(r) = 154*r - 2927. Let f be n(19). Let j(b) = 0 - 2 - 6*b - 6*b + 8*b. What is j(f)?
2
Let q(z) be the second derivative of 13*z**3/6 + 11*z**2 - 110*z - 12. C